c. List the prime factors of g.
157
What are the prime factors of (-63)/(-210)*-7662*((-102)/9 - -3)?
3, 5, 1277
Let w = -4720 - -26150. List the prime factors of w.
2, 5, 2143
Let i be (-9)/(-30) - 141/(-30). Suppose -5*j + 699 = 4*m, 2*j - 298 = -2*m + i*m. What are the prime factors of j?
11, 13
Suppose 16882 = -5*u + 45702. List the prime factors of u.
2, 11, 131
Let v be (5 - (-1 - -5))/((-1)/(-3)). Suppose -7*s + 10*s + 2*m - 1491 = 0, 9 = v*m. What are the prime factors of s?
3, 5, 11
Suppose 1766 = 2*p + 5*v - 2579, -4 = -4*v. Suppose -12*q - p = -17*q. Let f = 615 - q. What are the prime factors of f?
181
Suppose 18075 = 2*g + t - 19318, 5*t = 4*g - 74751. What are the prime factors of g?
2, 13, 719
Suppose 0 = 6*w - 4329 + 393. Suppose -3*v + n + w = 2*n, -v - 4*n + 237 = 0. What are the prime factors of v?
7, 31
Let y = 599434 + 1001012. List the prime factors of 1 + (-26)/22 - y/(-3333).
2, 3, 5
List the prime factors of 0/(-12 + 14 - 4) + (0 - -4443).
3, 1481
Let x be 60/(-18)*(-12)/5. Let d be 3*(x/(-12) + 2). Suppose 3*n - 3*j + 58 = 4*n, 2*n - 116 = -d*j. What are the prime factors of n?
2, 29
Let z(j) = 4*j**3 - 3*j**2 + 2*j - 1. Let g be z(1). Let m be (-406)/105 + g/(-15). What are the prime factors of (-242 - m)/(1 - 2/1)?
2, 7, 17
Let r(g) = 45*g + 35. Let a be r(20). Suppose 0 = -184*w + 189*w - a. List the prime factors of w.
11, 17
Let q(b) = -b**2 + 20*b + 143. Let k be q(23). Suppose 65*f - k*f = -9531. List the prime factors of f.
3, 353
Let y(v) = -1853*v - 402. List the prime factors of y(-4).
2, 5, 701
Suppose 48*i - 37*i = 8349. Suppose 15*q - 20*q = -4*o + i, -3*q - 769 = -4*o. What are the prime factors of o?
2, 7
Let j be ((-5)/(-2) - 0)*58. Let n(h) = j - 146 - 2*h + 9*h + h. What are the prime factors of n(3)?
23
Suppose -11*s - 2 = s - 26. Let l(g) = 5*g**2 - g - 1. Let o be l(-1). Suppose 3 = i, -3*m + 387 = s*i - o*i. What are the prime factors of m?
2, 3, 11
What are the prime factors of (-67865)/(0 + -1) + (29 + -8 - 23)?
3, 22621
Let t = -1030 + -160. Let h = -631 - t. What are the prime factors of h?
13, 43
Let k be (-8320)/(-42) + -5*6/315. Suppose -2*y = -3*y + 5*j + 60, k = 4*y + j. List the prime factors of y.
2, 5
Let u(a) be the first derivative of 4*a**2 - 46*a + 10. Let o be u(0). Let j = 225 + o. What are the prime factors of j?
179
Let t(m) = 3827*m**2 - 14*m - 4. What are the prime factors of t(-1)?
3, 1279
Let f = -35569 + 50733. What are the prime factors of f?
2, 17, 223
Suppose 154373 = 62*p - 385981 - 231484. List the prime factors of p.
59, 211
Let p = -3 + 5. Suppose -p*u = 9*u - u. Suppose -576 = -4*x - u*x. What are the prime factors of x?
2, 3
Suppose -8*i + 10315 + 125 = 0. Let g = i + -485. What are the prime factors of g?
2, 5, 41
Let n(y) = y**3 - 9*y**2 + 12*y - 9. Let u(x) = -6*x**2 + 9 - x**2 + 6*x**2 - 7*x. Let i be u(-7). List the prime factors of n(i).
3, 11
Suppose -17*x = -16*x - 3288. List the prime factors of x.
2, 3, 137
Let o(v) = -v**3 - 5*v**2 + 2*v + 3. Let b be o(-5). Let d(m) be the third derivative of -13*m**4/24 - 19*m**3/2 + 455*m**2. List the prime factors of d(b).
2, 17
Let l = 145 + -145. What are the prime factors of (l + (-1)/(-2))*98?
7
Let b be (-10)/(0 + 15/(-6) + 0). Suppose -a = b*y - 2326, -3 = a - 5. List the prime factors of y.
7, 83
Suppose 2*m = -3*z + 62, -99 - 25 = -4*m - z. Let s(r) = 12*r + 236. What are the prime factors of s(m)?
2, 19
Let j(i) = -60*i**3 - i**2 - 21*i - 46. Let c be j(-4). Suppose 0 = -5*l + 15, -5*p + c + 1841 = -4*l. What are the prime factors of p?
3, 127
Suppose -3*k + 16489 = 5*x, -19*k - 10996 = -21*k - 5*x. List the prime factors of k.
3, 1831
Let y(p) = 21*p + 28. Suppose -26 = -5*x - 3*w, 2*x + 4*w + w = 18. What are the prime factors of y(x)?
2, 7
Let g = 161 - 234. Let p = -117 - g. List the prime factors of (20 - (1 + -1))/(p/(-132)).
2, 3, 5
Let w(t) = -7*t**3 - 2*t**2 + t - 9. Let u(h) = 15*h**3 + 3*h**2 - 5*h + 19. Let x(r) = 2*u(r) + 5*w(r). List the prime factors of x(-5).
3, 181
Let w(t) = t**2 - 3*t - 2. Let h be w(4). Let r be (h/(-1)*217)/(-2). Suppose 5*d = 712 - r. List the prime factors of d.
3, 11
Suppose 27 = 2*x - 9. Let j be (-67)/(-13) + x/(-117). List the prime factors of ((-1)/3)/(j/(-1275)).
5, 17
Suppose -2*s = 3*t - 7, 0 = -3*s - 8*t + 4*t + 10. Suppose -s*w + 11530 = 8*w. List the prime factors of w.
1153
Suppose -1713 = -5*f + 5*t + 34857, t = 5*f - 36594. List the prime factors of f.
2, 3, 5, 61
Let p(r) = 0*r**2 + 43*r + r**2 - 32*r - 32. Suppose 0 = -4*c - 5*v - 36 - 29, -2*v = -c - 13. List the prime factors of p(c).
2, 7
Suppose 0 = -27*u + 23*u. Suppose u*d = -0*d - d. What are the prime factors of 1 - (d - 1) - (-11 + -13)?
2, 13
Let p = -10487 - -41151. List the prime factors of p.
2, 3833
Let h(q) = 1190*q**2 + 102*q + 301. List the prime factors of h(-3).
5, 2141
Let l be 10/1*(-14)/(-28). Let g = l + 134. What are the prime factors of g?
139
Let m(a) = a**2 - 8*a. Suppose -3*o - 3*h = -0*o - 336, 2*o - h = 230. Let z = o - 125. List the prime factors of m(z).
11, 19
Let y(h) = 3*h**3 + 64*h + 75522. List the prime factors of y(0).
2, 3, 41, 307
Suppose -5*c - 6*c + 3960 = 0. Let u = c - 102. Suppose -4*a = -0*a - n - u, 4*n = -3*a + 184. List the prime factors of a.
2
Let o(k) = 943*k + 17. What are the prime factors of o(6)?
5, 227
What are the prime factors of (27/(405/287250))/(1*2)?
5, 383
Let q(g) = -4912*g + 1350. List the prime factors of q(-9).
2, 3, 2531
Let z(r) = 1390*r**2 - 346*r. List the prime factors of z(-7).
2, 7, 11, 229
Let n = -79 - -187. Let o be 10 - (-366 + (-88)/11). Let u = o - n. What are the prime factors of u?
2, 3, 23
Let x(i) be the third derivative of -i**6/120 - i**5/5 - i**4/8 + 13*i**3/3 - 3*i**2. Let y be x(-14). Suppose -10*w = -6*w - y. List the prime factors of w.
5, 23
What are the prime factors of 136/51*(-17631)/(-12)?
2, 3, 653
Let v = 234 + 1038. Let k = v - 729. What are the prime factors of k?
3, 181
Suppose 47975 + 18641 = 11*m. What are the prime factors of (9/(-18))/((-2)/m)?
2, 757
Let c(p) = 5061*p**3 - 3*p**2 + 3*p - 1. List the prime factors of c(1).
2, 5, 11, 23
Let h = -2477 - -4052. What are the prime factors of h?
3, 5, 7
Let j(n) = n**3 + 6*n**2 - 23*n - 26. Let d(l) = -33*l + 471. Let h be d(14). List the prime factors of j(h).
2, 491
Let a(n) = n**3 - 8*n**2 - 18*n + 4. Let q be a(10). Let k = q - 20. Suppose 3*d + k*f = -2*d + 315, -4*d - f + 263 = 0. What are the prime factors of d?
67
Let c be 132 + 1 + (2 - -1) + -6. Let p = -22 + c. What are the prime factors of p?
2, 3
Suppose 4380*w + 20727 = 4383*w. List the prime factors of w.
3, 7, 47
Suppose 3*z + 18372 = 2*i, 2*z + 9065 = 4*i - 27687. What are the prime factors of i?
3, 1021
Suppose 3*x - 14963 = 2*p, -46*p = x - 43*p - 4973. What are the prime factors of x?
5, 997
Let k(m) = -36*m**3 - 6*m**2 - 2*m + 2. Let j be k(-2). Let b = -164 + j. What are the prime factors of b?
2, 53
Let g be (900/35)/6 - 2/7. Let y be (-1 - 82/8)*-12. Suppose -y - 141 = -g*k. List the prime factors of k.
3, 23
Let v(s) = 19*s**2 - 14*s - 13. Let d be v(4). Let p = d + 229. List the prime factors of p.
2, 29
Suppose -6 = -0*u - u. Let p(r) = 3*r**2 - 20*r - 24. Let i(j) = -j**2 + 7*j + 9. Let g(d) = 11*i(d) + 4*p(d). List the prime factors of g(u).
3, 7
Let c be 3/1 + -5 + -2. Let v be (-54)/(-12)*c/(-6). Suppose -51 = -3*o + 4*d, -v*d = -2*o - 18 + 51. What are the prime factors of o?
3, 7
Suppose m + 734 = -a + 39754, 5*m - 195079 = 2*a. What are the prime factors of m?
11, 3547
Suppose 27104 = 4*z - x, -120*z + 4*x - 20309 = -123*z. What are the prime factors of z?
5, 271
Suppose -1231128 = -9*s - 36*s + 9*s. What are the prime factors of s?
2, 17099
Suppose 0 = 2*b + 3*p + 174 + 129, p + 725 = -5*b. Let h = b + 298. List the prime factors of h.
2, 7, 11
Let a be (-315)/(-30)*308/6. Suppose -a = 2*z - 5. List the prime factors of (-3 - z/(2 - -1)) + 0.
2, 43
Let o(s) = 1013*s + 2004. List the prime factors of o(5).
7069
Suppose 33*k - 9123 - 266153 = 240250. List the prime factors of k.
2, 73, 107
Let k(f) = -212*f + 8. Let i = 185 - 188. What are the prime factors of k(i)?
2, 7, 23
Let l = -170 - -172. Suppose 0 = -5*u + l*z + 760 + 752, -4*u - 3*z = -1205. List the pri